{"id":979,"date":"2025-09-12T10:08:27","date_gmt":"2025-09-12T10:08:27","guid":{"rendered":"https:\/\/swiss-fleckenschutz.ch\/?page_id=979"},"modified":"2026-01-20T17:51:11","modified_gmt":"2026-01-20T17:51:11","slug":"datenschutz","status":"publish","type":"page","link":"https:\/\/swiss-fleckenschutz.ch\/it\/datenschutz\/","title":{"rendered":"Protezione dei dati"},"content":{"rendered":"<div data-elementor-type=\"wp-page\" data-elementor-id=\"979\" class=\"elementor elementor-979\" data-elementor-post-type=\"page\">\n\t\t\t\t<div class=\"elementor-element elementor-element-4a132b0 e-flex e-con-boxed e-con e-parent\" data-id=\"4a132b0\" data-element_type=\"container\" data-e-type=\"container\">\n\t\t\t\t\t<div class=\"e-con-inner\">\n\t\t\t\t<div class=\"elementor-element elementor-element-929e10f elementor-widget elementor-widget-text-editor\" data-id=\"929e10f\" data-element_type=\"widget\" data-e-type=\"widget\" data-widget_type=\"text-editor.default\">\n\t\t\t\t\t\t\t\t\t<h1 data-start=\"536\" data-end=\"588\">Informativa sulla privacy&nbsp;<\/h1><h1 data-start=\"536\" data-end=\"588\"><span style=\"font-weight: bolder; font-size: 20px;\">Swiss Textil- und Lederschutz GmbH<\/span><\/h1>\n<p data-start=\"590\" data-end=\"837\">Vi ringraziamo per l'interesse dimostrato nei confronti del nostro sito web. La protezione dei vostri dati personali \u00e8 importante per noi. Di seguito vi informiamo sulla raccolta, l'elaborazione e l'utilizzo dei dati personali nel contesto di questo sito web.<\/p>\n<hr data-start=\"839\" data-end=\"842\">\n<h2 data-start=\"844\" data-end=\"868\">1. persona responsabile<\/h2>\n<p data-start=\"869\" data-end=\"958\"><strong data-start=\"869\" data-end=\"907\">Swiss Textil- und Lederschutz GmbH<\/strong><br data-start=\"907\" data-end=\"910\">Schwerzistrasse 20<br data-start=\"928\" data-end=\"931\">8807 Freienbach<br data-start=\"946\" data-end=\"949\">Svizzera<\/p>\n<p data-start=\"960\" data-end=\"1094\">Telefono: 043 844 48 08<br data-start=\"982\" data-end=\"985\">e-mail: <a rel=\"noopener\" data-start=\"993\" data-end=\"1020\">info@swiss-fleckenschutz.ch<\/a><br data-start=\"1020\" data-end=\"1023\">Web: <a href=\"https:\/\/swiss-fleckenschutz.ch\/it\/\" target=\"_new\" rel=\"noopener\" data-start=\"1028\" data-end=\"1092\">www.swiss-fleckenschutz.ch<\/a><\/p>\n<hr data-start=\"1096\" data-end=\"1099\">\n<h2 data-start=\"1101\" data-end=\"1138\">2. informazioni generali sulla raccolta dei dati<\/h2>\n<p data-start=\"1139\" data-end=\"1553\">Trattiamo i dati personali esclusivamente nell'ambito delle disposizioni di legge (legge svizzera sulla protezione dei dati, GDPR UE ove applicabile).<br data-start=\"1292\" data-end=\"1295\">Quando visitate il nostro sito web, per impostazione predefinita vengono raccolti solo i dati che il vostro browser trasmette automaticamente (ad es. indirizzo IP, data\/ora, browser utilizzato, pagine visitate). Questi dati vengono utilizzati per la fornitura sicura e il miglioramento del nostro sito web.<\/p>\n<hr data-start=\"1555\" data-end=\"1558\">\n<h2 data-start=\"1560\" data-end=\"1583\">3. entrare in contatto<\/h2>\n<p data-start=\"1584\" data-end=\"1785\">Se ci contattate via e-mail o telefono, utilizzeremo i vostri dati solo per elaborare la vostra richiesta. Non verranno trasmessi a terzi senza il vostro esplicito consenso.<\/p>\n<hr data-start=\"1787\" data-end=\"1790\">\n<h2 data-start=\"1792\" data-end=\"1828\">4. utilizzo di Google Analytics<\/h2>\n<p data-start=\"1829\" data-end=\"2153\">Il nostro sito web utilizza <strong data-start=\"1854\" data-end=\"1874\">Google Analytics<\/strong>un servizio di analisi web fornito da Google Ireland Limited. Google Analytics utilizza i cookie per aiutare il sito web ad analizzare come gli utenti utilizzano il sito. Le informazioni generate dai cookie vengono solitamente trasferite a un server di Google negli Stati Uniti e l\u00ec memorizzate.<\/p>\n<p data-start=\"2155\" data-end=\"2302\">Utilizziamo Google Analytics solo con <strong data-start=\"2191\" data-end=\"2212\">Anonimizzazione dell'IP<\/strong> on. Ci\u00f2 significa che il vostro indirizzo IP verr\u00e0 troncato all'interno della Svizzera o dell'UE\/SEE.<\/p>\n<p data-start=\"2304\" data-end=\"2592\">\u00c8 possibile impedire la memorizzazione dei cookie nelle impostazioni del browser. \u00c8 inoltre possibile installare un plugin del browser per disattivare la raccolta da parte di Google Analytics:<br data-start=\"2500\" data-end=\"2503\"><a target=\"_new\" rel=\"noopener\" data-start=\"2506\" data-end=\"2590\">https:\/\/tools.google.com\/dlpage\/gaoptout<\/a><\/p>\n<hr data-start=\"2594\" data-end=\"2597\">\n<h2 data-start=\"2599\" data-end=\"2628\">5 Google Search Console<\/h2>\n<p data-start=\"2629\" data-end=\"2848\">Per l'ottimizzazione tecnica utilizziamo il <strong data-start=\"2672\" data-end=\"2697\">Google Search Console<\/strong>. Vengono forniti solo dati anonimi sulle query di ricerca e sulle prestazioni del sito web. Non viene effettuata alcuna analisi personalizzata.<\/p>\n<hr data-start=\"2850\" data-end=\"2853\">\n<h2 data-start=\"2855\" data-end=\"2870\">6. biscotti<\/h2>\n<p data-start=\"2871\" data-end=\"3072\">Il nostro sito web utilizza i cookie per fornire alcune funzioni e migliorare l'esperienza dell'utente. \u00c8 possibile impostare il proprio browser in qualsiasi momento per consentire la memorizzazione dei cookie.<\/p>\n<hr data-start=\"3074\" data-end=\"3077\">\n<h2 data-start=\"3079\" data-end=\"3107\">7. divulgazione dei dati<\/h2>\n<p data-start=\"3108\" data-end=\"3242\">I dati personali non saranno trasferiti a terzi a meno che non siamo obbligati per legge a farlo.<\/p>\n<hr data-start=\"3244\" data-end=\"3247\">\n<h2 data-start=\"3249\" data-end=\"3268\">8. I vostri diritti<\/h2>\n<p data-start=\"3269\" data-end=\"3504\">Avete il diritto di ricevere informazioni sui vostri dati memorizzati, di correggerli o cancellarli e di opporvi al loro trattamento in qualsiasi momento.<br data-start=\"3427\" data-end=\"3430\">Le richieste di informazioni vanno indirizzate a: <a rel=\"noopener\" data-start=\"3475\" data-end=\"3502\">info@swiss-fleckenschutz.ch<\/a><\/p>\n<hr data-start=\"3506\" data-end=\"3509\">\n<h2 data-start=\"3511\" data-end=\"3534\">9. sicurezza dei dati<\/h2>\n<p data-start=\"3535\" data-end=\"3671\">Utilizziamo misure tecniche e organizzative per proteggere i vostri dati da accessi non autorizzati, perdita o uso improprio.<\/p>\n<hr data-start=\"3673\" data-end=\"3676\">\n<h2 data-start=\"3678\" data-end=\"3722\">10. modifiche all'informativa sulla privacy<\/h2>\n<p data-start=\"3723\" data-end=\"3922\">Ci riserviamo il diritto di modificare la presente informativa sulla privacy in modo che sia sempre conforme ai requisiti legali vigenti. Fa fede la versione pubblicata in questa pagina.<\/p>\n<hr data-start=\"3924\" data-end=\"3927\">\n<h3 data-start=\"3929\" data-end=\"3955\">Progettazione e realizzazione<\/h3>\n<p data-start=\"3956\" data-end=\"4033\">Progettazione e realizzazione web: <a href=\"https:\/\/sparklingbrands.ch\" target=\"_new\" rel=\"noopener\" data-start=\"3981\" data-end=\"4031\">Marchi frizzanti&nbsp;<\/a><\/p>\t\t\t\t\t\t\t\t<\/div>\n\t\t\t\t\t<\/div>\n\t\t\t\t<\/div>\n\t\t\t\t<\/div>","protected":false},"excerpt":{"rendered":"<p>Datenschutzerkl\u00e4rung&nbsp; Swiss Textil- und Lederschutz GmbH Wir freuen uns \u00fcber Ihr Interesse an unserer Website. Der Schutz Ihrer pers\u00f6nlichen Daten ist uns ein wichtiges Anliegen. Nachfolgend informieren wir Sie \u00fcber die Erhebung, Verarbeitung und Nutzung personenbezogener Daten im Rahmen dieser Website. 1. Verantwortlicher Swiss Textil- und Lederschutz GmbHSchwerzistrasse 208807 FreienbachSchweiz Telefon: 043 844 48 08E-Mail: [&hellip;]<\/p>\n","protected":false},"author":2,"featured_media":0,"parent":0,"menu_order":0,"comment_status":"closed","ping_status":"closed","template":"elementor_header_footer","meta":{"footnotes":""},"class_list":["post-979","page","type-page","status-publish","hentry"],"_links":{"self":[{"href":"https:\/\/swiss-fleckenschutz.ch\/it\/wp-json\/wp\/v2\/pages\/979","targetHints":{"allow":["GET"]}}],"collection":[{"href":"https:\/\/swiss-fleckenschutz.ch\/it\/wp-json\/wp\/v2\/pages"}],"about":[{"href":"https:\/\/swiss-fleckenschutz.ch\/it\/wp-json\/wp\/v2\/types\/page"}],"author":[{"embeddable":true,"href":"https:\/\/swiss-fleckenschutz.ch\/it\/wp-json\/wp\/v2\/users\/2"}],"replies":[{"embeddable":true,"href":"https:\/\/swiss-fleckenschutz.ch\/it\/wp-json\/wp\/v2\/comments?post=979"}],"version-history":[{"count":8,"href":"https:\/\/swiss-fleckenschutz.ch\/it\/wp-json\/wp\/v2\/pages\/979\/revisions"}],"predecessor-version":[{"id":1281,"href":"https:\/\/swiss-fleckenschutz.ch\/it\/wp-json\/wp\/v2\/pages\/979\/revisions\/1281"}],"wp:attachment":[{"href":"https:\/\/swiss-fleckenschutz.ch\/it\/wp-json\/wp\/v2\/media?parent=979"}],"curies":[{"name":"wp","href":"https:\/\/api.w.org\/{rel}","templated":true}]}}

<div data-elementor-type="wp-page" data-elementor-id="979" class="elementor elementor-979" data-elementor-post-type="page">
				<div class="elementor-element elementor-element-4a132b0 e-flex e-con-boxed e-con e-parent" data-id="4a132b0" data-element_type="container" data-e-type="container">
					<div class="e-con-inner">
				<div class="elementor-element elementor-element-929e10f elementor-widget elementor-widget-text-editor" data-id="929e10f" data-element_type="widget" data-e-type="widget" data-widget_type="text-editor.default">
									<h1 data-start="536" data-end="588">Informativa sulla privacy&nbsp;</h1><h1 data-start="536" data-end="588"><span style="font-weight: bolder; font-size: 20px;">Swiss Textil- und Lederschutz GmbH</span></h1>
<p data-start="590" data-end="837">Vi ringraziamo per l'interesse dimostrato nei confronti del nostro sito web. La protezione dei vostri dati personali è importante per noi. Di seguito vi informiamo sulla raccolta, l'elaborazione e l'utilizzo dei dati personali nel contesto di questo sito web.</p>
<hr data-start="839" data-end="842">
<h2 data-start="844" data-end="868">1. persona responsabile</h2>
<p data-start="869" data-end="958"><strong data-start="869" data-end="907">Swiss Textil- und Lederschutz GmbH</strong><br data-start="907" data-end="910">Schwerzistrasse 20<br data-start="928" data-end="931">8807 Freienbach<br data-start="946" data-end="949">Svizzera</p>
<p data-start="960" data-end="1094">Telefono: 043 844 48 08<br data-start="982" data-end="985">e-mail: <a rel="noopener" data-start="993" data-end="1020">info@swiss-fleckenschutz.ch</a><br data-start="1020" data-end="1023">Web: <a href="https://swiss-fleckenschutz.ch/it/" target="_new" rel="noopener" data-start="1028" data-end="1092">www.swiss-fleckenschutz.ch</a></p>
<hr data-start="1096" data-end="1099">
<h2 data-start="1101" data-end="1138">2. informazioni generali sulla raccolta dei dati</h2>
<p data-start="1139" data-end="1553">Trattiamo i dati personali esclusivamente nell'ambito delle disposizioni di legge (legge svizzera sulla protezione dei dati, GDPR UE ove applicabile).<br data-start="1292" data-end="1295">Quando visitate il nostro sito web, per impostazione predefinita vengono raccolti solo i dati che il vostro browser trasmette automaticamente (ad es. indirizzo IP, data/ora, browser utilizzato, pagine visitate). Questi dati vengono utilizzati per la fornitura sicura e il miglioramento del nostro sito web.</p>
<hr data-start="1555" data-end="1558">
<h2 data-start="1560" data-end="1583">3. entrare in contatto</h2>
<p data-start="1584" data-end="1785">Se ci contattate via e-mail o telefono, utilizzeremo i vostri dati solo per elaborare la vostra richiesta. Non verranno trasmessi a terzi senza il vostro esplicito consenso.</p>
<hr data-start="1787" data-end="1790">
<h2 data-start="1792" data-end="1828">4. utilizzo di Google Analytics</h2>
<p data-start="1829" data-end="2153">Il nostro sito web utilizza <strong data-start="1854" data-end="1874">Google Analytics</strong>un servizio di analisi web fornito da Google Ireland Limited. Google Analytics utilizza i cookie per aiutare il sito web ad analizzare come gli utenti utilizzano il sito. Le informazioni generate dai cookie vengono solitamente trasferite a un server di Google negli Stati Uniti e lì memorizzate.</p>
<p data-start="2155" data-end="2302">Utilizziamo Google Analytics solo con <strong data-start="2191" data-end="2212">Anonimizzazione dell'IP</strong> on. Ciò significa che il vostro indirizzo IP verrà troncato all'interno della Svizzera o dell'UE/SEE.</p>
<p data-start="2304" data-end="2592">È possibile impedire la memorizzazione dei cookie nelle impostazioni del browser. È inoltre possibile installare un plugin del browser per disattivare la raccolta da parte di Google Analytics:<br data-start="2500" data-end="2503"><a target="_new" rel="noopener" data-start="2506" data-end="2590">https://tools.google.com/dlpage/gaoptout</a></p>
<hr data-start="2594" data-end="2597">
<h2 data-start="2599" data-end="2628">5 Google Search Console</h2>
<p data-start="2629" data-end="2848">Per l'ottimizzazione tecnica utilizziamo il <strong data-start="2672" data-end="2697">Google Search Console</strong>. Vengono forniti solo dati anonimi sulle query di ricerca e sulle prestazioni del sito web. Non viene effettuata alcuna analisi personalizzata.</p>
<hr data-start="2850" data-end="2853">
<h2 data-start="2855" data-end="2870">6. biscotti</h2>
<p data-start="2871" data-end="3072">Il nostro sito web utilizza i cookie per fornire alcune funzioni e migliorare l'esperienza dell'utente. È possibile impostare il proprio browser in qualsiasi momento per consentire la memorizzazione dei cookie.</p>
<hr data-start="3074" data-end="3077">
<h2 data-start="3079" data-end="3107">7. divulgazione dei dati</h2>
<p data-start="3108" data-end="3242">I dati personali non saranno trasferiti a terzi a meno che non siamo obbligati per legge a farlo.</p>
<hr data-start="3244" data-end="3247">
<h2 data-start="3249" data-end="3268">8. I vostri diritti</h2>
<p data-start="3269" data-end="3504">Avete il diritto di ricevere informazioni sui vostri dati memorizzati, di correggerli o cancellarli e di opporvi al loro trattamento in qualsiasi momento.<br data-start="3427" data-end="3430">Le richieste di informazioni vanno indirizzate a: <a rel="noopener" data-start="3475" data-end="3502">info@swiss-fleckenschutz.ch</a></p>
<hr data-start="3506" data-end="3509">
<h2 data-start="3511" data-end="3534">9. sicurezza dei dati</h2>
<p data-start="3535" data-end="3671">Utilizziamo misure tecniche e organizzative per proteggere i vostri dati da accessi non autorizzati, perdita o uso improprio.</p>
<hr data-start="3673" data-end="3676">
<h2 data-start="3678" data-end="3722">10. modifiche all'informativa sulla privacy</h2>
<p data-start="3723" data-end="3922">Ci riserviamo il diritto di modificare la presente informativa sulla privacy in modo che sia sempre conforme ai requisiti legali vigenti. Fa fede la versione pubblicata in questa pagina.</p>
<hr data-start="3924" data-end="3927">
<h3 data-start="3929" data-end="3955">Progettazione e realizzazione</h3>
<p data-start="3956" data-end="4033">Progettazione e realizzazione web: <a href="https://sparklingbrands.ch" target="_new" rel="noopener" data-start="3981" data-end="4031">Marchi frizzanti&nbsp;</a></p>								</div>
					</div>
				</div>
				</div>

<p>Datenschutzerklärung&nbsp; Swiss Textil- und Lederschutz GmbH Wir freuen uns über Ihr Interesse an unserer Website. Der Schutz Ihrer persönlichen Daten ist uns ein wichtiges Anliegen. Nachfolgend informieren wir Sie über die Erhebung, Verarbeitung und Nutzung personenbezogener Daten im Rahmen dieser Website. 1. Verantwortlicher Swiss Textil- und Lederschutz GmbHSchwerzistrasse 208807 FreienbachSchweiz Telefon: 043 844 48 08E-Mail: [&hellip;]</p>
